2333044210
What is ce8ed1 (base 16) in base 6?
1202051105
Convert 16630565 (base 8) to base 12.
1370b59
-20a082 (base 15) to base 3
-2220212210112
1500220 (base 6) to base 4
110321310
Convert 5231 (base 6) to base 2.
10010010011
Convert 513270 (base 8) to base 4.
221122320
Convert 113a93 (base 14) to base 15.
b8be1
What is -7b82a (base 14) in base 12?
-126026
Convert 2003220 (base 4) to base 5.
232144
What is 130202002302 (base 4) in base 11?
4249492
c2159 (base 13) to base 9
578445
Convert 51322110 (base 6) to base 11.
916536
Convert 202100121022 (base 3) to base 9.
670538
Convert 132205403 (base 6) to base 9.
4847013
Convert -55302214 (base 6) to base 2.
-110010100011111100010
Convert -2ab88 (base 13) to base 6.
-1423143
Convert -131303112 (base 4) to base 3.
-20012110010
What is -2422535 (base 6) in base 12?
-61a4b
106168 (base 9) to base 16
f84e
Convert -1126725 (base 9) to base 12.
-254228
What is 20d64 (base 15) in base 6?
2122421
Convert -203000122 (base 4) to base 15.
-2c741
Convert 11306417 (base 8) to base 11.
1430a41
-1c0323 (base 16) to base 3
-10110021021000
Convert -3014 (base 14) to base 7.
-33024
-40946 (base 10) to base 15
-c1eb
What is -10000001010100 (base 3) in base 11?
-99a4aa
Convert -198343 (base 10) to base 15.
-3db7d
What is -13201012213 (base 4) in base 9?
-3633134
Convert 21011023 (base 4) to base 10.
37195
What is 101212120122 (base 3) in base 4?
310100003
What is 260867 (base 10) in base 7?
2134355
39975 (base 11) to base 4
31323301
Convert -1001001111100000000 (base 2) to base 16.
-49f00
Convert 2510275 (base 13) to base 11.
6571531
12330252 (base 8) to base 6
134321030
What is -3014102 (base 5) in base 9?
-72783
What is 12305225 (base 7) in base 3?
2002110010122
Convert 2241343 (base 6) to base 11.
78a4a
What is -489c7 (base 13) in base 4?
-200212000
What is -12623 (base 14) in base 13?
-176c1
Convert -1e8d15 (base 16) to base 10.
-2002197
a737c (base 15) to base 11
332775
What is -204387 (base 11) in base 12?
-1398b8
Convert 2507372 (base 9) to base 3.
2120021102102
Convert b80372 (base 12) to base 5.
1220403213
Convert -a62de5 (base 16) to base 7.
-161366246
What is 454512150 (base 6) in base 16?
7f5762
-42535 (base 9) to base 8
-66753
What is 3522554 (base 9) in base 12?
77a24a
Convert -376324 (base 8) to base 6.
-2443020
-b3aa (base 15) to base 10
-37960
Convert 201236064 (base 7) to base 10.
11690172
What is -12121121222211 (base 3) in base 6?
-143545121
What is 503b4 (base 15) in base 13?
8b7a1
-ba1b5 (base 12) to base 2
-111011111110011001
What is -21211001221 (base 3) in base 11?
-a5673
Convert 1311221222 (base 4) to base 7.
4044644
-3661631 (base 9) to base 5
-1002123401
Convert -22403121 (base 6) to base 2.
-10100111001110111001
5545032 (base 6) to base 16
43fac
-a4380 (base 11) to base 14
-3d665
Convert -1d252 (base 16) to base 11.
-81766
What is -4310453 (base 8) in base 11?
-716a74
-347064 (base 11) to base 6
-15451224
What is -25045343 (base 8) in base 14?
-a3b295
2112514 (base 8) to base 2
10001001010101001100
What is -2300130323 (base 4) in base 6?
-23254015
What is -c88d18 (base 14) in base 11?
-3915253
What is 100232312012 (base 4) in base 14?
82266a
-34542023 (base 6) to base 2
-100000101011101011111
Convert -144540 (base 9) to base 7.
-516312
211655 (base 8) to base 9
116724
What is -1100000010100011 (base 2) in base 3?
-2111122111
2041140030 (base 5) to base 16
40b28f
-511241 (base 6) to base 7
-226021
Convert -25545230 (base 7) to base 12.
-944a18
Convert 5120501 (base 6) to base 16.
3b875
What is 10222222100 (base 3) in base 8?
231572
1011010111011010 (base 2) to base 11
31a82
Convert -1002eb (base 16) to base 6.
-34253551
Convert 138c1 (base 13) to base 9.
55254
What is 8666778 (base 9) in base 14?
890972
Convert 108cc9 (base 14) to base 15.
b1920
Convert 3007aa (base 12) to base 3.
1101222120011
Convert -490620 (base 15) to base 3.
-20120112120010
What is -222311231 (base 4) in base 2?
-101010110101101101
203203123 (base 4) to base 3
21101202121
-6343750 (base 8) to base 12
-695920
What is 101544 (base 16) in base 10?
1054020
What is -70ba60 (base 12) in base 11?
-aa4091
Convert 14513444 (base 8) to base 12.
113a830
-10440344 (base 5) to base 4
-112300220
What is 212111122011100 (base 3) in base 13?
2784951
What is 20211220 (base 4) in base 11?
24479
Convert -1434110232 (base 5) to base 8.
-16435575
5133024 (base 6) to base 4
323331220
Convert 2129ba7 (base 12) to base 15.
84090a
111111100101000010 (base 2) to base 11
168724
Convert -10222110212211 (base 3) to base 14.
-3d0d32
What is 482053 (base 10) in base 9?
814224
33401312 (base 6) to base 14
1c4736
-413120 (base 5) to base 6
-142355
What is -707268 (base 12) in base 13?
-495653
-5314332 (base 7) to base 16
-9ce31
What is 624b6 (base 15) in base 13?
aba80
-642352 (base 7) to base 14
-2c7d2
121001454 (base 6) to base 11
1321a01
Convert -21222032 (base 5) to base 14.
-49678
Convert 18755 (base 13) to base 7.
255110
-2b811 (base 14) to base 6
-2154435
What is 2c9fe (base 16) in base 15?
39257
What is -112144123 (base 5) in base 3?
-221201022210
What is 13440121 (base 6) in base 13?
12c886
513141 (base 11) to base 15
114270
Convert -51130433 (base 7) to base 11.
-244a329
-932a7 (base 11) to base 4
-201032321
Convert 210021121011 (base 3) to base 8.
1462102
Convert 24bb97 (base 15) to base 3.
10022110121221
-16817 (base 9) to base 15
-3684
What is 91b409 (base 12) in base 15?
30077c
b0b067 (base 13) to base 5
2022432400
2101301111 (base 4) to base 6
20444125
-27786d (base 15) to base 12
-776911
Convert 1150200 (base 6) to base 10.
60984
Convert 43f19 (base 16) to base 3.
112010202022
Convert -101111000111110111100110 (base 2) to base 11.
-6a77a99
-4734a6 (base 11) to base 3
-1102011120100
Convert 2010201002010 (base 3) to base 11.
706411
What is -94093 (base 12) in base 9?
-324563
What is -1000222201 (base 4) in base 3?
-111110022211
What is -312223301 (base 5) in base 7?
-13646414
What is -101221010 (base 3) in base 9?
-11833
What is 78733 (base 10) in base 5?
10004413
Convert -14016 (base 13) to base 12.
-19760
What is 311223305 (base 6) in base 14?
a02321
350351 (base 11) to base 3
1001021202101
-31332001 (base 5) to base 4
-333311331
12033204 (base 5) to base 4
123100333
51637 (base 16) to base 12
140b07
What is -4e9b8 (base 15) in base 16?
-3d82c
What is -62d31f (base 16) in base 9?
-13161164
What is -95851 (base 12) in base 7?
-1445551
213202141 (base 5) to base 15
1306d1
What is -11514510 (base 7) in base 5?
-230414002
-a404 (base 12) to base 11
-12467
Convert 10101100011010001100010 (base 2) to base 15.
768ddb
-2034851 (base 9) to base 11
-682072
What is -70920a (base 15) in base 8?
-24312234
-13255323 (base 8) to base 7
-34156543
What is 21536156 (base 8) in base 2?
10001101011110001101110
10200202212112 (base 3) to base 4
13133130320
6094265 (base 10) to base 13
1354b98
-125421550 (base 6) to base 14
-493838
-121220031 (base 5) to base 2
-10001011001010100000
Convert 24b727 (base 13) to base 2.
11010111011000100101
Convert -450532410 (base 6) to base 13.
-18c9ab3
-10323123123 (base 4) to base 13
-3630c3
-9996 (base 10) to base 11
-7568
What is -101010011111010110 (base 2) in base 5?
-21032123
298c9 (base 14) to base 2
11001001101101001
12513242 (base 7) to base 10
1146434
Convert -13500115 (base 7) to base 2.
-100110011110000101010
235a6b1 (base 13) to base 3
202120110211212
What is 323210220 (base 4) in base 14?
64cd2
What is 20013321 (base 5) in base 11?
a8233
Convert -12394 (base 11) to base 6.
-214133
Convert 452136 (base 8) to base 2.
100101010001011110
Convert 8996aa (base 11) to base 7.
15115564
What is 16acca (base 15) in base 8?
4143765
What is 1101604 (base 8) in base 13?
a484a
237059 (base 11) to base 12
1612ba
What is 1444300 (base 5) in base 16?
79e0
Convert abf05 (base 16) to base 9.
1283052
Convert 4517102 (base 8) to base 4.
10221321002
-1363323 (base 7) to base 8
-546565
Convert -656244 (base 7) to base 2.
-11100000101011011
-b550 (base 15) to base 10
-38325
-1cc7a9 (base 13) to base 14
-154435
What is -20021112211 (base 3) in base 15?
-26951
-2131202221 (base 4) to base 15
-cb2e4
1142123 (base 6) to base 8
165303
Convert -1010412 (base 5) to base 16.
-3fe5
What is -43031232 (base 5) in base 8?
-1301742
Con